 = v**2 - 2*v + 11. Let a be j(u). Let n = -25 + a. What are the prime factors of n?
2, 5
Suppose 5*h - 406 - 5434 = 2*s, -5*h - 4*s = -5870. List the prime factors of h.
2, 3, 5, 13
Suppose 0 = 2*h - 4*a + 4, -4*h - 23*a + 6 = -24*a. Suppose 0 = h*j - 3*j - w + 343, 5*j = 5*w + 1745. List the prime factors of j.
2, 173
Suppose -97*i + 8*i = -899612. What are the prime factors of i?
2, 7, 19
Suppose 0 = -5*k + 3*g + 333, -4*k + 3*g = 2*g - 265. Let h be 242/33*k/(-4). Let i = h - -213. What are the prime factors of i?
2, 23
Let t(x) = -x**2 + 18*x - 72. Let z be t(7). Let d(r) = 2*r**3 - 3*r**2 - r + 2. What are the prime factors of d(z)?
2, 43
Let k(z) = 41*z**2 - 331*z + 6825. List the prime factors of k(21).
3, 5, 7, 19
Suppose 0 = -5*j + 3*d, -5*j + 6 = -2*d + 1. Suppose j*q + 594 = 3*w + 6*q, 2*q = 4*w - 816. What are the prime factors of w?
2, 101
Suppose 2*h - 4 = -4*b + 12, -4*b + 2 = -5*h. Let s(l) = 18*l**3 - l**2 + 8*l - 3. What are the prime factors of s(h)?
3, 17
Let a(b) be the first derivative of 2*b**3 - 4*b**2 - b + 40. List the prime factors of a(-11).
3, 271
Let g(z) = 21375*z - 34. List the prime factors of g(1).
21341
Suppose 0 = -56*r + 15*r - 246. Let b(p) be the second derivative of -2*p**3/3 + 5*p**2 + 2*p. What are the prime factors of b(r)?
2, 17
Let f = -3656 + 6032. What are the prime factors of (6/4)/(6/f)?
2, 3, 11
Let r be 30*(-5)/15*37. Let h = 654 + r. What are the prime factors of h?
2, 71
Let g(p) = -p**2 + 13*p - 15. Let b = -126 - -136. Let j be g(b). Suppose -221 = -j*a + 14*a. What are the prime factors of a?
13, 17
Let a = -738 + 1218. Suppose -2*y + 8*y + a = 0. Let b = -51 - y. List the prime factors of b.
29
Let c(d) = 14*d - 5*d**2 + 0*d**2 + d**3 - 9 - 2*d**2 - 2*d**2. Let h be c(10). Let x = 335 - h. List the prime factors of x.
2, 13
Suppose 4*t = 13*t - 22*t + 564798. List the prime factors of t.
2, 3, 13, 557
Suppose 5*k + 3*y + 340 = -1110, 5*k = -4*y - 1450. Let v = 172 + k. Let d = 212 + v. What are the prime factors of d?
2, 47
Suppose -3*p + 5*v - 281 = 0, -5*p - 485 = -6*v + v. Let t = p - -442. List the prime factors of t.
2, 5, 17
Suppose -3*y - b + 20 = 0, 0 = b + 1. Suppose 3*t + 8 = w, -9 = 3*w - 5*t + y*t. What are the prime factors of (w + -2)*(-469)/7?
3, 67
Suppose 6*s + 9 = 3*s, 3*s + 9 = 5*c. Suppose 1869 = 3*g + 4*d, 0 = -4*d - c - 12. List the prime factors of g.
3, 11, 19
Suppose 5*j = 62 + 3933. Let r = j + -559. Suppose 0 = -4*z + 4*y + r, z - 122 = -z + 4*y. What are the prime factors of z?
59
Let h = -10 + 128. Suppose 3*n - 4*i = -120, 4*n + 0*i = -4*i - 132. Let f = n + h. What are the prime factors of f?
2, 41
List the prime factors of (-2 + (-270)/(-9))*(-5199)/(-6).
2, 7, 1733
Let r be (-8)/(7/6 + -1). Let k = 125 - 122. What are the prime factors of r/(-10)*k*80/18?
2
Let k = 568 + -502. List the prime factors of k.
2, 3, 11
Suppose 0 = 5*h - 170*x + 166*x - 31889, -4*x = h - 6397. List the prime factors of h.
3, 709
Suppose 0 = 15*n - 28*n - 18109. Let m = 2342 + n. What are the prime factors of m?
13, 73
Suppose 3*g = 36*g - 198. List the prime factors of ((-3657)/g)/((-12)/8 + 1).
23, 53
Let j(g) = 11*g**2 - 3*g - 114. What are the prime factors of j(24)?
2, 3, 5, 41
Let w(o) = 2*o + 21. Suppose -5*g - 28 = -53. Let j be (-325)/(-125)*(g - 0). List the prime factors of w(j).
47
Let j(i) = -i**3 + 4*i**2 + 6*i + 6. Let l be j(-3). Let z = -53 + l. List the prime factors of 6/9*-3*85/z.
5, 17
Suppose 0 = -8*j + 3*j - 18865. Let u = 2239 - j. What are the prime factors of ((-8)/(-6))/(48/u)?
167
Suppose 82983 = 16*b + 22565 - 17230. List the prime factors of b.
23, 211
List the prime factors of 1*16818 + (-596)/298.
2, 1051
Let a be (-808)/(-12) + 1 + (-3)/9. Let o = -62 + a. What are the prime factors of o?
2, 3
Let y(g) = 4*g + 122. Let l be y(-18). Let x = l + -10. What are the prime factors of x?
2, 5
Suppose -18*t + 6 = -20*t. Let b be 6/24 - (t/4 + -1). Suppose 0 = 4*l + b*l - 552. List the prime factors of l.
2, 23
Let j = -443 + 113. Let x = -142 - j. Suppose -2*r = 2*r - x. What are the prime factors of r?
47
Let v = -290 + 188. Let q = v - -105. Suppose 3*y - 6*y + 2*i = -415, 2*i - 431 = -q*y. List the prime factors of y.
3, 47
Let k be (-320)/80 - (-1 - 0)/(-1). Let i(u) = -6*u + 26. Let g be i(k). Suppose 186 = 59*a - g*a. What are the prime factors of a?
2, 31
Suppose -3*j + 10 - 10 = 0. Suppose j = -28*a + 25*a + 15. What are the prime factors of (-16)/(-40) + -2 + 408/a?
2, 5
Let f(n) = -15*n - 7. Let k be f(-10). Suppose -3*z + k = -7. Suppose -182 = -4*y + z. List the prime factors of y.
2, 29
Suppose -128*b = -288533 - 75369 - 1550210. What are the prime factors of b?
2, 7477
Let v(w) = 535*w + 56. Suppose -13*a + 19 + 7 = 0. List the prime factors of v(a).
2, 563
Let h(z) = 57*z**3 - 14*z**2 + 13*z - 20. List the prime factors of h(5).
2, 5, 11, 31
Let k(n) = -35*n + 228. Let u(i) = 18*i - 113. Let z(y) = -6*k(y) - 13*u(y). What are the prime factors of z(-18)?
13, 41
Suppose 3*q - h - 78 = 0, 2*h - 120 = -4*q - 6. Let s = 30 - q. Suppose -5 - 4 = -s*m. List the prime factors of m.
3
Let a be 0*(2/12)/((-13)/(-39)). Suppose i - 3638 = -3*i + 2*n, 5*i - 5*n - 4560 = a. List the prime factors of i.
907
Let w(n) = n**2 + 16*n - 163. Let r be w(7). List the prime factors of (r/(-3))/(2/375).
5
Suppose 134 = -4*r + 2*x, r = 4*r + x + 108. List the prime factors of 1578/14 + (-10)/r.
113
Suppose 0 = -g - g, -3*g = -3*p + 50788 + 59024. List the prime factors of p.
2, 9151
Suppose 0*o + 3*k = -4*o + 19, -4*o = -k - 15. List the prime factors of -1198*((-14)/o + 3).
599
Let m(d) = 38*d + 8. Let j be m(-2). Let f = j - -70. Suppose 22 = c + 5*p + 7, 0 = -f*c + p + 63. List the prime factors of c.
2, 3, 5
Suppose -4*x - r = -121987, -3*x - 58*r = -60*r - 91471. What are the prime factors of x?
3, 5, 19, 107
Suppose -4*c = 3*n + 32, -21*n + 26*n - 3*c = -5. What are the prime factors of ((-235)/(-2) + n + 0)*10?
5, 227
Suppose 296 = -33*n + 35*n. Suppose 147*l - n*l + 763 = 0. What are the prime factors of l?
7, 109
Let i = 18141 - -15107. List the prime factors of i.
2, 1039
What are the prime factors of (5/2 - (-2096675)/250)/(42/70)?
2, 6991
Suppose 9 - 12 = -3*w. Let l(p) = -214*p - 2. Let z be l(w). What are the prime factors of z*(-2)/2*(-2)/(-4)?
2, 3
Let o be -3 - (-3)/((-18)/(-852)). Suppose -11*j = 5*b - 13*j - 229, 2*j + o = 3*b. List the prime factors of b.
3, 5
Let c = -422 + 308. Let i(t) = 2*t**3 - 2. Let r be i(-3). Let j = r - c. What are the prime factors of j?
2, 29
Let c = -223 - -283. Suppose -25*u = -640 - c. List the prime factors of u.
2, 7
Let r = 16019 + -7173. List the prime factors of r.
2, 4423
Let x be 24/(-300) + 14104/50. List the prime factors of x*(-24)/(-6) - (2 - -3).
1123
Suppose -3*t + 12*t - 1458 = 0. Suppose t*q - 1044 = 159*q. List the prime factors of q.
2, 3, 29
Suppose 0 = 2*h - r + 1075, 5*h + 461 = 4*r - 2222. Let t = -314 - h. What are the prime factors of t?
3, 5
Suppose -2*z - 2*l = -l + 52, 0 = 2*z - 4*l + 32. Let r be (-154)/(-13) - z/156. Suppose r*d - 141 = 135. List the prime factors of d.
23
Let j(l) = -l**2 + l + 15. Let f be j(-3). Let z be f*4/3 + -68. What are the prime factors of ((-464)/z)/((-2)/(-32))?
2, 29
List the prime factors of -8 - (-4 + 5)*-445.
19, 23
Let t(d) = -d**3 + 3*d**2 + 3. Let z = -11 - -15. Let n be t(z). Let i = n - -17. What are the prime factors of i?
2
Let k(c) = 6*c - 14. Let x be k(-13). Let m = 692 - x. What are the prime factors of m?
2, 7
Suppose 0 = 23*x + 47042 - 142975. What are the prime factors of x?
43, 97
Suppose -4*q - 391 = -g, 0*g = q - g + 97. Let l(c) = 5*c**3 - 28*c**2 + 2*c + 1. Let v be l(7). Let w = q + v. List the prime factors of w.
2, 5, 13
Suppose -t + 339 = 5*s - 164, 0 = -5*t - 10. Suppose 33 = -2*l - 39. Let r = l + s. List the prime factors of r.
5, 13
Let n = 125 - 125. Suppose 3*x - i = -n*x + 298, 104 = x - 5*i. List the prime factors of x.
3, 11
Let t = 19 + -64. Let d be (t/4)/(95/20 + -5). Suppose -410 - d = -5*k. List the prime factors of k.
7, 13
Suppose -3*l - 242 = -a, 6*l - l - 740 = -3*a. Let n = 524 - a. List the prime factors of n/3 + 1 - 1*4.
2, 3, 5
Suppose 0 = 13*t - 34341 - 5322. Let g = t + -1533. What are the prime fact